{"id":37,"date":"2018-06-04T21:35:08","date_gmt":"2018-06-04T21:35:08","guid":{"rendered":"https:\/\/serresiliente.org\/?page_id=37"},"modified":"2018-06-05T19:40:32","modified_gmt":"2018-06-05T19:40:32","slug":"resumen","status":"publish","type":"page","link":"https:\/\/serresiliente.org\/?page_id=37","title":{"rendered":"Resumen"},"content":{"rendered":"<figure id=\"attachment_58\" aria-describedby=\"caption-attachment-58\" style=\"width: 790px\" class=\"wp-caption aligncenter\"><img decoding=\"async\" loading=\"lazy\" class=\"wp-image-58 size-large\" src=\"https:\/\/serresiliente.org\/wp-content\/uploads\/2018\/06\/PalosBlancos-1024x768.jpg\" alt=\"\" width=\"790\" height=\"593\" srcset=\"https:\/\/serresiliente.org\/wp-content\/uploads\/2018\/06\/PalosBlancos-1024x768.jpg 1024w, https:\/\/serresiliente.org\/wp-content\/uploads\/2018\/06\/PalosBlancos-300x225.jpg 300w, https:\/\/serresiliente.org\/wp-content\/uploads\/2018\/06\/PalosBlancos-768x576.jpg 768w\" sizes=\"(max-width: 790px) 100vw, 790px\" \/><figcaption id=\"caption-attachment-58\" class=\"wp-caption-text\">Virgilia Condorpata, agricultora de la comunidad de Villa Copacabana municipio de Palos Blancos, departamento de La Paz , Bolivia<\/figcaption><\/figure>\n<h5><span style=\"color: #003366;\"><strong>Resumen del proyecto<\/strong><\/span><\/h5>\n<p>El proyecto busca consolidar el concepto de Resiliencia bajo el enfoque de Gesti\u00f3n del Riesgo Integral y su incorporaci\u00f3n en la planificaci\u00f3n multisectorial para el desarrollo sostenible, tomando en cuenta que las comunidades deber\u00edan reducir su vulnerabilidad y donde la pobreza es un factor determinante.<\/p>\n<p>En ese sentido es necesaria la consolidaci\u00f3n de las estrategias y planes de medios de vida, incorporando los hallazgos y resultados de la investigaci\u00f3n sobre medios de vida de los grupos sociales existentes en las subcuencas de los r\u00edos Mamor\u00e9 y Beni.<\/p>\n<p>Se fortalecer\u00e1 el Sistema de Alerta Temprana, apoyado con modelos hidrol\u00f3gicos y meteorol\u00f3gicos como el DEWETRA, monitoreo escalonado y la territorializaci\u00f3n del riesgo en los municipios de las cuencas de los r\u00edos Beni y Mamor\u00e9.<\/p>\n<h5><span style=\"color: #003366;\"><strong>Beneficiarios<\/strong><\/span><\/h5>\n<ul>\n<li>7.900 familias directos que viven en comunidades con alto riesgo de inundaci\u00f3n<br \/>\n(s\u00f3lo en las zonas rurales).<\/li>\n<li>3.500 familias indirectos que no han emigrado debido a las inundaciones y se encuentran en las comunidades m\u00e1s vulnerables de los municipios.<\/li>\n<\/ul>\n<h5><span style=\"color: #003366;\"><strong>Objetivo esperado<\/strong><\/span><\/h5>\n<p>Consolidar e institucionalizar estrategias sostenibles de resiliencia y Gesti\u00f3n Integral de Riesgos considerando\u00a0la replicabilidad de las buenas pr\u00e1cticas para reducir la vulnerabilidad de comunidades ind\u00edgenas originarias campesinas, municipios e instituciones locales de La Paz y el Beni incidiendo en su escalabilidad a nivel subnacional, nacional y regional, para hacer frente a los desastres, protegiendo la vida, los bienes y medios de vida de los m\u00e1s vulnerables.<\/p>\n<h5><span style=\"color: #003366;\">Resultados<\/span><\/h5>\n<ol>\n<li>Familias, comunidades y promotores resilientes implementan y promueven acciones de Gesti\u00f3n Integral del Riesgo y resiliencia, para garantizar el ejercicio de sus derechos humanos ante situaciones de desastres recurrentes.<\/li>\n<li>Municipios y actores locales vulnerables han mejorado sus capacidades de resiliencia integral e<br \/>\nincorporan la Gesti\u00f3n de Reducci\u00f3n de Desastres (GRD) en la planificaci\u00f3n participativa territorial.<\/li>\n<li>Gobierno Nacional y Departamental generan lineamientos para la coordinaci\u00f3n e implementaci\u00f3n de acciones para la resiliencia y GRD en el marco de la pol\u00edtica nacional y la normativa legal vigente en el pa\u00eds.<\/li>\n<li>Adopci\u00f3n por parte de las autoridades del pa\u00eds, de estrategias, herramientas y metodolog\u00edas a trav\u00e9s de intercambio de experiencias entre los niveles regionales, sub regionales con el fin de desarrollar capacidades, sistematizar experiencias y monitorear los avances del programa.<\/li>\n<\/ol>\n","protected":false},"excerpt":{"rendered":"<p>Resumen del proyecto El proyecto busca consolidar el concepto de Resiliencia bajo el enfoque de Gesti\u00f3n del Riesgo Integral y su incorporaci\u00f3n en la planificaci\u00f3n multisectorial para el desarrollo sostenible,[&#8230;]<\/p>\n","protected":false},"author":1,"featured_media":0,"parent":5,"menu_order":1,"comment_status":"closed","ping_status":"closed","template":"","meta":{"footnotes":""},"_links":{"self":[{"href":"https:\/\/serresiliente.org\/index.php?rest_route=\/wp\/v2\/pages\/37"}],"collection":[{"href":"https:\/\/serresiliente.org\/index.php?rest_route=\/wp\/v2\/pages"}],"about":[{"href":"https:\/\/serresiliente.org\/index.php?rest_route=\/wp\/v2\/types\/page"}],"author":[{"embeddable":true,"href":"https:\/\/serresiliente.org\/index.php?rest_route=\/wp\/v2\/users\/1"}],"replies":[{"embeddable":true,"href":"https:\/\/serresiliente.org\/index.php?rest_route=%2Fwp%2Fv2%2Fcomments&post=37"}],"version-history":[{"count":17,"href":"https:\/\/serresiliente.org\/index.php?rest_route=\/wp\/v2\/pages\/37\/revisions"}],"predecessor-version":[{"id":136,"href":"https:\/\/serresiliente.org\/index.php?rest_route=\/wp\/v2\/pages\/37\/revisions\/136"}],"up":[{"embeddable":true,"href":"https:\/\/serresiliente.org\/index.php?rest_route=\/wp\/v2\/pages\/5"}],"wp:attachment":[{"href":"https:\/\/serresiliente.org\/index.php?rest_route=%2Fwp%2Fv2%2Fmedia&parent=37"}],"curies":[{"name":"wp","href":"https:\/\/api.w.org\/{rel}","templated":true}]}}